{"id":55,"date":"2025-12-07T18:14:37","date_gmt":"2025-12-07T18:14:37","guid":{"rendered":"https:\/\/fabricehugele2026.fr\/?page_id=55"},"modified":"2026-03-11T22:41:44","modified_gmt":"2026-03-11T22:41:44","slug":"notre-equipe","status":"publish","type":"page","link":"https:\/\/fabricehugele2026.fr\/index.php\/notre-equipe\/","title":{"rendered":"Notre \u00e9quipe"},"content":{"rendered":"\n<div class=\"wp-block-columns is-layout-flex wp-container-core-columns-is-layout-28f84493 wp-block-columns-is-layout-flex\">\n<div class=\"wp-block-column is-layout-flow wp-block-column-is-layout-flow\">\n<div class=\"wp-block-group has-global-padding is-layout-constrained wp-block-group-is-layout-constrained\">\n<div class=\"wp-block-group has-global-padding is-layout-constrained wp-block-group-is-layout-constrained\">\n<div class=\"wp-block-group has-global-padding is-layout-constrained wp-block-group-is-layout-constrained\">\n<figure class=\"wp-block-embed is-type-video is-provider-youtube wp-block-embed-youtube wp-embed-aspect-16-9 wp-has-aspect-ratio\"><div class=\"wp-block-embed__wrapper\">\n<iframe loading=\"lazy\" title=\"Fabrice HUGEL\u00c9, Maire de Seyssins, est candidat \u00e0 sa r\u00e9\u00e9lection au \u00e9lection municipales 2026\" width=\"500\" height=\"281\" src=\"https:\/\/www.youtube.com\/embed\/-Q86DR_lxZc?feature=oembed\" frameborder=\"0\" allow=\"accelerometer; autoplay; clipboard-write; encrypted-media; gyroscope; picture-in-picture; web-share\" referrerpolicy=\"strict-origin-when-cross-origin\" allowfullscreen><\/iframe>\n<\/div><\/figure>\n\n\n\n<h4 class=\"wp-block-heading\">1 &#8211; Fabrice Hugel\u00e9<br>56 ans &#8211; Le Village<\/h4>\n<\/div>\n<\/div>\n<\/div>\n\n\n\n<div class=\"wp-block-group has-global-padding is-layout-constrained wp-block-group-is-layout-constrained\">\n<div class=\"wp-block-group has-global-padding is-layout-constrained wp-block-group-is-layout-constrained\">\n<figure class=\"wp-block-embed is-type-video is-provider-youtube wp-block-embed-youtube wp-embed-aspect-16-9 wp-has-aspect-ratio\"><div class=\"wp-block-embed__wrapper\">\n<iframe loading=\"lazy\" title=\"Un jour, un portrait de citoyen engag\u00e9 #18 \u2013 Sylvain CIALDELLA | Seyssins Nature et Solidaire\" width=\"500\" height=\"281\" src=\"https:\/\/www.youtube.com\/embed\/d-0yPHcTShM?feature=oembed\" frameborder=\"0\" allow=\"accelerometer; autoplay; clipboard-write; encrypted-media; gyroscope; picture-in-picture; web-share\" referrerpolicy=\"strict-origin-when-cross-origin\" allowfullscreen><\/iframe>\n<\/div><\/figure>\n\n\n\n<h4 class=\"wp-block-heading\">3 &#8211; Sylvain Cialdella<br>54 ans &#8211; La Plaine<\/h4>\n\n\n\n<figure class=\"wp-block-embed is-type-video is-provider-youtube wp-block-embed-youtube wp-embed-aspect-16-9 wp-has-aspect-ratio\"><div class=\"wp-block-embed__wrapper\">\n<iframe loading=\"lazy\" title=\"Un jour, un portrait de citoyen engag\u00e9 #30 \u2013 Lo\u00efck FERRUCCI | Seyssins Nature et Solidaire\" width=\"500\" height=\"281\" src=\"https:\/\/www.youtube.com\/embed\/kGW_c-4tkeA?feature=oembed\" frameborder=\"0\" allow=\"accelerometer; autoplay; clipboard-write; encrypted-media; gyroscope; picture-in-picture; web-share\" referrerpolicy=\"strict-origin-when-cross-origin\" allowfullscreen><\/iframe>\n<\/div><\/figure>\n\n\n\n<h4 class=\"wp-block-heading\">5 &#8211; Lo\u00efck Ferrucci<br>29 ans &#8211; Pr\u00e9 Nouvel<\/h4>\n\n\n\n<figure class=\"wp-block-embed is-type-video is-provider-youtube wp-block-embed-youtube wp-embed-aspect-16-9 wp-has-aspect-ratio\"><div class=\"wp-block-embed__wrapper\">\n<iframe loading=\"lazy\" title=\"Un jour, un portrait de citoyen engag\u00e9 #2 \u2013 Jean-Marc PAUCOD | Seyssins Nature et Solidaire\" width=\"500\" height=\"281\" src=\"https:\/\/www.youtube.com\/embed\/DAB_4F7mr8Y?feature=oembed\" frameborder=\"0\" allow=\"accelerometer; autoplay; clipboard-write; encrypted-media; gyroscope; picture-in-picture; web-share\" referrerpolicy=\"strict-origin-when-cross-origin\" allowfullscreen><\/iframe>\n<\/div><\/figure>\n\n\n\n<h4 class=\"wp-block-heading\">7 &#8211; Jean-Marc Paucod<br>62 ans &#8211; Le Centre<\/h4>\n<\/div>\n<\/div>\n\n\n\n<figure class=\"wp-block-embed is-type-video is-provider-youtube wp-block-embed-youtube wp-embed-aspect-16-9 wp-has-aspect-ratio\"><div class=\"wp-block-embed__wrapper\">\n<iframe loading=\"lazy\" title=\"Un jour, un portrait de citoyen engag\u00e9 #6 \u2013 Emmanuel COURRAUD | Seyssins Nature et Solidaire\" width=\"500\" height=\"281\" src=\"https:\/\/www.youtube.com\/embed\/m9OTsYHaMtk?feature=oembed\" frameborder=\"0\" allow=\"accelerometer; autoplay; clipboard-write; encrypted-media; gyroscope; picture-in-picture; web-share\" referrerpolicy=\"strict-origin-when-cross-origin\" allowfullscreen><\/iframe>\n<\/div><\/figure>\n\n\n\n<h4 class=\"wp-block-heading\">9 &#8211; Emmanuel Courraud<br>51 ans &#8211; Pr\u00e9 Nouvel<\/h4>\n\n\n\n<figure class=\"wp-block-embed is-type-video is-provider-youtube wp-block-embed-youtube wp-embed-aspect-16-9 wp-has-aspect-ratio\"><div class=\"wp-block-embed__wrapper\">\n<iframe loading=\"lazy\" title=\"Un jour, un portrait de citoyen engag\u00e9 #20 \u2013 Pierre CHEVRIER | Seyssins Nature et Solidaire\" width=\"500\" height=\"281\" src=\"https:\/\/www.youtube.com\/embed\/7HrZN4Y6jIc?feature=oembed\" frameborder=\"0\" allow=\"accelerometer; autoplay; clipboard-write; encrypted-media; gyroscope; picture-in-picture; web-share\" referrerpolicy=\"strict-origin-when-cross-origin\" allowfullscreen><\/iframe>\n<\/div><\/figure>\n\n\n\n<h4 class=\"wp-block-heading\">11 &#8211; Pierre Ch\u00e9vrier<br>62 ans &#8211; Le Village<\/h4>\n\n\n\n<figure class=\"wp-block-embed is-type-video is-provider-youtube wp-block-embed-youtube wp-embed-aspect-16-9 wp-has-aspect-ratio\"><div class=\"wp-block-embed__wrapper\">\n<iframe loading=\"lazy\" title=\"Un jour, un portrait de citoyen engag\u00e9 #28 \u2013 Mathieu CIANCI | Seyssins Nature et Solidaire\" width=\"500\" height=\"281\" src=\"https:\/\/www.youtube.com\/embed\/-yiYtuAhQbY?feature=oembed\" frameborder=\"0\" allow=\"accelerometer; autoplay; clipboard-write; encrypted-media; gyroscope; picture-in-picture; web-share\" referrerpolicy=\"strict-origin-when-cross-origin\" allowfullscreen><\/iframe>\n<\/div><\/figure>\n\n\n\n<h4 class=\"wp-block-heading\">13 &#8211; Mathieu Cianci<br>39 ans &#8211; La Plaine<\/h4>\n\n\n\n<figure class=\"wp-block-embed is-type-video is-provider-youtube wp-block-embed-youtube wp-embed-aspect-16-9 wp-has-aspect-ratio\"><div class=\"wp-block-embed__wrapper\">\n<iframe loading=\"lazy\" title=\"Un jour, un portrait de citoyen engag\u00e9 #22 \u2013 Sylvain BUGIER | Seyssins Nature et Solidaire\" width=\"500\" height=\"281\" src=\"https:\/\/www.youtube.com\/embed\/XMII6wXA-80?feature=oembed\" frameborder=\"0\" allow=\"accelerometer; autoplay; clipboard-write; encrypted-media; gyroscope; picture-in-picture; web-share\" referrerpolicy=\"strict-origin-when-cross-origin\" allowfullscreen><\/iframe>\n<\/div><\/figure>\n\n\n\n<h4 class=\"wp-block-heading\">15 &#8211; Sylvain Bugier<br>39 ans &#8211; Le Village<\/h4>\n\n\n\n<figure class=\"wp-block-embed is-type-video is-provider-youtube wp-block-embed-youtube wp-embed-aspect-16-9 wp-has-aspect-ratio\"><div class=\"wp-block-embed__wrapper\">\n<iframe loading=\"lazy\" title=\"Un jour, un portrait de citoyen engag\u00e9 #12 \u2013 Cyril JACQUIER | Seyssins Nature et Solidaire\" width=\"500\" height=\"281\" src=\"https:\/\/www.youtube.com\/embed\/33s6hCuqQEA?feature=oembed\" frameborder=\"0\" allow=\"accelerometer; autoplay; clipboard-write; encrypted-media; gyroscope; picture-in-picture; web-share\" referrerpolicy=\"strict-origin-when-cross-origin\" allowfullscreen><\/iframe>\n<\/div><\/figure>\n\n\n\n<h4 class=\"wp-block-heading\">17 &#8211; Cyril Jacquier<br>44 ans &#8211; Le Village<\/h4>\n\n\n\n<figure class=\"wp-block-embed is-type-video is-provider-youtube wp-block-embed-youtube wp-embed-aspect-16-9 wp-has-aspect-ratio\"><div class=\"wp-block-embed__wrapper\">\n<iframe loading=\"lazy\" title=\"Un jour, un portrait de citoyen engag\u00e9 #24 \u2013 Pascal FAUCHER | Seyssins Nature et Solidaire\" width=\"500\" height=\"281\" src=\"https:\/\/www.youtube.com\/embed\/ySSN7kXQipQ?feature=oembed\" frameborder=\"0\" allow=\"accelerometer; autoplay; clipboard-write; encrypted-media; gyroscope; picture-in-picture; web-share\" referrerpolicy=\"strict-origin-when-cross-origin\" allowfullscreen><\/iframe>\n<\/div><\/figure>\n\n\n\n<h4 class=\"wp-block-heading\">19 &#8211; Pascal Faucher<br>67 ans &#8211; Le Centre<\/h4>\n\n\n\n<figure class=\"wp-block-embed is-type-video is-provider-youtube wp-block-embed-youtube wp-embed-aspect-16-9 wp-has-aspect-ratio\"><div class=\"wp-block-embed__wrapper\">\n<iframe loading=\"lazy\" title=\"Un jour, un portrait de citoyen engag\u00e9 #14 \u2013 Fran\u00e7ois GILABERT | Seyssins Nature et Solidaire\" width=\"500\" height=\"281\" src=\"https:\/\/www.youtube.com\/embed\/E7UEvBwdKBE?feature=oembed\" frameborder=\"0\" allow=\"accelerometer; autoplay; clipboard-write; encrypted-media; gyroscope; picture-in-picture; web-share\" referrerpolicy=\"strict-origin-when-cross-origin\" allowfullscreen><\/iframe>\n<\/div><\/figure>\n\n\n\n<h4 class=\"wp-block-heading\">21 &#8211; Fran\u00e7ois Gilabert<br>73 ans &#8211; Le Centre<\/h4>\n\n\n\n<figure class=\"wp-block-embed is-type-video is-provider-youtube wp-block-embed-youtube wp-embed-aspect-16-9 wp-has-aspect-ratio\"><div class=\"wp-block-embed__wrapper\">\n<iframe loading=\"lazy\" title=\"Un jour, un portrait de citoyen engag\u00e9 #8 \u2013 Jean-Michel MAQUEDA | Seyssins Nature et Solidaire\" width=\"500\" height=\"281\" src=\"https:\/\/www.youtube.com\/embed\/JXfdIxP_8rc?feature=oembed\" frameborder=\"0\" allow=\"accelerometer; autoplay; clipboard-write; encrypted-media; gyroscope; picture-in-picture; web-share\" referrerpolicy=\"strict-origin-when-cross-origin\" allowfullscreen><\/iframe>\n<\/div><\/figure>\n\n\n\n<h4 class=\"wp-block-heading\">23 &#8211; Jean-Michel Maqueda<br>61 ans &#8211; La Plaine<\/h4>\n\n\n\n<figure class=\"wp-block-embed is-type-video is-provider-youtube wp-block-embed-youtube wp-embed-aspect-16-9 wp-has-aspect-ratio\"><div class=\"wp-block-embed__wrapper\">\n<iframe loading=\"lazy\" title=\"Un jour, un portrait de citoyen engag\u00e9 #4 \u2013 Philippe CASULA | Seyssins Nature et Solidaire\" width=\"500\" height=\"281\" src=\"https:\/\/www.youtube.com\/embed\/U7NjBEAS9T8?feature=oembed\" frameborder=\"0\" allow=\"accelerometer; autoplay; clipboard-write; encrypted-media; gyroscope; picture-in-picture; web-share\" referrerpolicy=\"strict-origin-when-cross-origin\" allowfullscreen><\/iframe>\n<\/div><\/figure>\n\n\n\n<h4 class=\"wp-block-heading\">25 &#8211; Philippe Casula<br>37 ans &#8211; Le Village<\/h4>\n\n\n\n<figure class=\"wp-block-embed is-type-video is-provider-youtube wp-block-embed-youtube wp-embed-aspect-16-9 wp-has-aspect-ratio\"><div class=\"wp-block-embed__wrapper\">\n<iframe loading=\"lazy\" title=\"Un jour, un portrait de citoyen engag\u00e9 #26 \u2013 Jean-Michel COMBAZ | Seyssins Nature et Solidaire\" width=\"500\" height=\"281\" src=\"https:\/\/www.youtube.com\/embed\/ldJ3oYBGU1I?feature=oembed\" frameborder=\"0\" allow=\"accelerometer; autoplay; clipboard-write; encrypted-media; gyroscope; picture-in-picture; web-share\" referrerpolicy=\"strict-origin-when-cross-origin\" allowfullscreen><\/iframe>\n<\/div><\/figure>\n\n\n\n<h4 class=\"wp-block-heading\">27 &#8211; Jean-Michel Combaz<br>53 ans &#8211; Pr\u00e9 Nouvel<\/h4>\n\n\n\n<figure class=\"wp-block-embed is-type-video is-provider-youtube wp-block-embed-youtube wp-embed-aspect-16-9 wp-has-aspect-ratio\"><div class=\"wp-block-embed__wrapper\">\n<iframe loading=\"lazy\" title=\"Un jour, un portrait de citoyen engag\u00e9 #10 \u2013 Yves DONAZZOLO | Seyssins Nature et Solidaire\" width=\"500\" height=\"281\" src=\"https:\/\/www.youtube.com\/embed\/8y-Bmaetk88?feature=oembed\" frameborder=\"0\" allow=\"accelerometer; autoplay; clipboard-write; encrypted-media; gyroscope; picture-in-picture; web-share\" referrerpolicy=\"strict-origin-when-cross-origin\" allowfullscreen><\/iframe>\n<\/div><\/figure>\n\n\n\n<h4 class=\"wp-block-heading\">29 &#8211; Yves Donazzolo<br>63 ans &#8211; Le Centre<\/h4>\n\n\n\n<figure class=\"wp-block-embed is-type-video is-provider-youtube wp-block-embed-youtube wp-embed-aspect-16-9 wp-has-aspect-ratio\"><div class=\"wp-block-embed__wrapper\">\n<iframe loading=\"lazy\" title=\"Un jour, un portrait de citoyen engag\u00e9 #16 \u2013 Gilbert SALLET | Seyssins Nature et Solidaire\" width=\"500\" height=\"281\" src=\"https:\/\/www.youtube.com\/embed\/vzFtJA8jHyw?feature=oembed\" frameborder=\"0\" allow=\"accelerometer; autoplay; clipboard-write; encrypted-media; gyroscope; picture-in-picture; web-share\" referrerpolicy=\"strict-origin-when-cross-origin\" allowfullscreen><\/iframe>\n<\/div><\/figure>\n\n\n\n<h4 class=\"wp-block-heading\">31 &#8211; Gilbert Sallet<br>75 ans &#8211; La Plaine<\/h4>\n\n\n\n<div class=\"wp-block-group has-global-padding is-layout-constrained wp-block-group-is-layout-constrained\"><\/div>\n\n\n\n<div class=\"wp-block-group has-global-padding is-layout-constrained wp-block-group-is-layout-constrained\"><\/div>\n<\/div>\n\n\n\n<div class=\"wp-block-column is-layout-flow wp-block-column-is-layout-flow\">\n<div class=\"wp-block-group has-global-padding is-layout-constrained wp-block-group-is-layout-constrained\">\n<figure class=\"wp-block-embed is-type-video is-provider-youtube wp-block-embed-youtube wp-embed-aspect-16-9 wp-has-aspect-ratio\"><div class=\"wp-block-embed__wrapper\">\n<iframe loading=\"lazy\" title=\"Un jour, un portrait de citoyen engag\u00e9 #27 \u2013 Isabelle BAUDIN | Seyssins Nature et Solidaire\" width=\"500\" height=\"281\" src=\"https:\/\/www.youtube.com\/embed\/t-xyQo90cpY?feature=oembed\" frameborder=\"0\" allow=\"accelerometer; autoplay; clipboard-write; encrypted-media; gyroscope; picture-in-picture; web-share\" referrerpolicy=\"strict-origin-when-cross-origin\" allowfullscreen><\/iframe>\n<\/div><\/figure>\n\n\n\n<h4 class=\"wp-block-heading\">2 &#8211; Isabelle Baudin<br>48 ans &#8211; Le Village<\/h4>\n\n\n\n<figure class=\"wp-block-embed is-type-video is-provider-youtube wp-block-embed-youtube wp-embed-aspect-16-9 wp-has-aspect-ratio\"><div class=\"wp-block-embed__wrapper\">\n<iframe loading=\"lazy\" title=\"Un jour, un portrait de citoyen engag\u00e9 #7 \u2013 Anne-Marie LOMBARD | Seyssins Nature et Solidaire\" width=\"500\" height=\"281\" src=\"https:\/\/www.youtube.com\/embed\/xcg-95FkNW0?feature=oembed\" frameborder=\"0\" allow=\"accelerometer; autoplay; clipboard-write; encrypted-media; gyroscope; picture-in-picture; web-share\" referrerpolicy=\"strict-origin-when-cross-origin\" allowfullscreen><\/iframe>\n<\/div><\/figure>\n\n\n\n<h4 class=\"wp-block-heading\">4 &#8211; Anne-Marie Lombard<br>56 ans &#8211; Le Centre<\/h4>\n\n\n\n<figure class=\"wp-block-embed is-type-video is-provider-youtube wp-block-embed-youtube wp-embed-aspect-16-9 wp-has-aspect-ratio\"><div class=\"wp-block-embed__wrapper\">\n<iframe loading=\"lazy\" title=\"Un jour, un portrait de citoyen engag\u00e9 #15 \u2013 Samia KARMOUS | Seyssins Nature et Solidaire\" width=\"500\" height=\"281\" src=\"https:\/\/www.youtube.com\/embed\/_LUraNEI0Oc?feature=oembed\" frameborder=\"0\" allow=\"accelerometer; autoplay; clipboard-write; encrypted-media; gyroscope; picture-in-picture; web-share\" referrerpolicy=\"strict-origin-when-cross-origin\" allowfullscreen><\/iframe>\n<\/div><\/figure>\n\n\n\n<h4 class=\"wp-block-heading\">6 &#8211; Samia Karmous<br>56 ans &#8211; Le Centre<\/h4>\n<\/div>\n\n\n\n<figure class=\"wp-block-embed is-type-video is-provider-youtube wp-block-embed-youtube wp-embed-aspect-16-9 wp-has-aspect-ratio\"><div class=\"wp-block-embed__wrapper\">\n<iframe loading=\"lazy\" title=\"Un jour, un portrait de citoyen engag\u00e9 #1 \u2013 Marie GARRIGOS-LECLERC | Seyssins Nature et Solidaire\" width=\"500\" height=\"281\" src=\"https:\/\/www.youtube.com\/embed\/jx-GTM1qmiE?feature=oembed\" frameborder=\"0\" allow=\"accelerometer; autoplay; clipboard-write; encrypted-media; gyroscope; picture-in-picture; web-share\" referrerpolicy=\"strict-origin-when-cross-origin\" allowfullscreen><\/iframe>\n<\/div><\/figure>\n\n\n\n<h4 class=\"wp-block-heading\">8 &#8211; Marie Garrigos-Leclerc<br>33 ans &#8211; Le Centre<\/h4>\n\n\n\n<div class=\"wp-block-group has-global-padding is-layout-constrained wp-block-group-is-layout-constrained\">\n<figure class=\"wp-block-embed is-type-video is-provider-youtube wp-block-embed-youtube wp-embed-aspect-16-9 wp-has-aspect-ratio\"><div class=\"wp-block-embed__wrapper\">\n<iframe loading=\"lazy\" title=\"Un jour, un portrait de citoyen engag\u00e9 #21 \u2013 Carole VITON | Seyssins Nature et Solidaire\" width=\"500\" height=\"281\" src=\"https:\/\/www.youtube.com\/embed\/wxSO68fYZTY?feature=oembed\" frameborder=\"0\" allow=\"accelerometer; autoplay; clipboard-write; encrypted-media; gyroscope; picture-in-picture; web-share\" referrerpolicy=\"strict-origin-when-cross-origin\" allowfullscreen><\/iframe>\n<\/div><\/figure>\n\n\n\n<h4 class=\"wp-block-heading\">10 &#8211; Carole Viton<br>49 ans &#8211; Le Village<\/h4>\n<\/div>\n\n\n\n<figure class=\"wp-block-embed is-type-video is-provider-youtube wp-block-embed-youtube wp-embed-aspect-16-9 wp-has-aspect-ratio\"><div class=\"wp-block-embed__wrapper\">\n<iframe loading=\"lazy\" title=\"Un jour, un portrait de citoyen engag\u00e9 #13 \u2013 Rachel ROUILLON | Seyssins Nature et Solidaire\" width=\"500\" height=\"281\" src=\"https:\/\/www.youtube.com\/embed\/rDIfM46uHpw?feature=oembed\" frameborder=\"0\" allow=\"accelerometer; autoplay; clipboard-write; encrypted-media; gyroscope; picture-in-picture; web-share\" referrerpolicy=\"strict-origin-when-cross-origin\" allowfullscreen><\/iframe>\n<\/div><\/figure>\n\n\n\n<h4 class=\"wp-block-heading\">12 &#8211; Rachel Rouillon<br>55 ans &#8211; La Plaine<\/h4>\n\n\n\n<figure class=\"wp-block-embed is-type-video is-provider-youtube wp-block-embed-youtube wp-embed-aspect-16-9 wp-has-aspect-ratio\"><div class=\"wp-block-embed__wrapper\">\n<iframe loading=\"lazy\" title=\"Un jour, un portrait de citoyen engag\u00e9 #17 \u2013 Fran\u00e7oise COLLOT | Seyssins Nature et Solidaire\" width=\"500\" height=\"281\" src=\"https:\/\/www.youtube.com\/embed\/MXV2qQBckOA?feature=oembed\" frameborder=\"0\" allow=\"accelerometer; autoplay; clipboard-write; encrypted-media; gyroscope; picture-in-picture; web-share\" referrerpolicy=\"strict-origin-when-cross-origin\" allowfullscreen><\/iframe>\n<\/div><\/figure>\n\n\n\n<h4 class=\"wp-block-heading\">14 &#8211; Fran\u00e7oise Collot<br>67 ans &#8211; La Plaine<\/h4>\n\n\n\n<figure class=\"wp-block-embed is-type-video is-provider-youtube wp-block-embed-youtube wp-embed-aspect-16-9 wp-has-aspect-ratio\"><div class=\"wp-block-embed__wrapper\">\n<iframe loading=\"lazy\" title=\"Un jour, un portrait de citoyen engag\u00e9 #3 \u2013 C\u00e9lia BORR\u00c9 | Seyssins Nature et Solidaire\" width=\"500\" height=\"281\" src=\"https:\/\/www.youtube.com\/embed\/z-Uve0JE6n0?feature=oembed\" frameborder=\"0\" allow=\"accelerometer; autoplay; clipboard-write; encrypted-media; gyroscope; picture-in-picture; web-share\" referrerpolicy=\"strict-origin-when-cross-origin\" allowfullscreen><\/iframe>\n<\/div><\/figure>\n\n\n\n<h4 class=\"wp-block-heading\">16 &#8211; C\u00e9lia Borr\u00e9<br>40 ans &#8211; Le Centre<\/h4>\n\n\n\n<figure class=\"wp-block-embed is-type-video is-provider-youtube wp-block-embed-youtube wp-embed-aspect-16-9 wp-has-aspect-ratio\"><div class=\"wp-block-embed__wrapper\">\nhttps:\/\/youtu.be\/Q4jixnMq1YU\n<\/div><\/figure>\n\n\n\n<h4 class=\"wp-block-heading\">18 &#8211; Ilona Ivars<br>25 ans &#8211; La Plaine<\/h4>\n\n\n\n<figure class=\"wp-block-embed is-type-video is-provider-youtube wp-block-embed-youtube wp-embed-aspect-16-9 wp-has-aspect-ratio\"><div class=\"wp-block-embed__wrapper\">\n<iframe loading=\"lazy\" title=\"Un jour, un portrait de citoyen engag\u00e9 #25 \u2013 Jih\u00e8ne SHAIEK | Seyssins Nature et Solidaire\" width=\"500\" height=\"281\" src=\"https:\/\/www.youtube.com\/embed\/nVRnV5YHWGQ?feature=oembed\" frameborder=\"0\" allow=\"accelerometer; autoplay; clipboard-write; encrypted-media; gyroscope; picture-in-picture; web-share\" referrerpolicy=\"strict-origin-when-cross-origin\" allowfullscreen><\/iframe>\n<\/div><\/figure>\n\n\n\n<h4 class=\"wp-block-heading\">20 &#8211; Jih\u00e8ne Shaiek<br>40 ans &#8211; Le Village<\/h4>\n\n\n\n<figure class=\"wp-block-embed is-type-video is-provider-youtube wp-block-embed-youtube wp-embed-aspect-16-9 wp-has-aspect-ratio\"><div class=\"wp-block-embed__wrapper\">\n<iframe loading=\"lazy\" title=\"Un jour, un portrait de citoyen engag\u00e9 #5 \u2013 Delphine GRESIL | Seyssins Nature et Solidaire\" width=\"500\" height=\"281\" src=\"https:\/\/www.youtube.com\/embed\/XU2fpBKd_JQ?feature=oembed\" frameborder=\"0\" allow=\"accelerometer; autoplay; clipboard-write; encrypted-media; gyroscope; picture-in-picture; web-share\" referrerpolicy=\"strict-origin-when-cross-origin\" allowfullscreen><\/iframe>\n<\/div><\/figure>\n\n\n\n<h4 class=\"wp-block-heading\">22 &#8211; Delphine Gr\u00e9sil<br>56 ans &#8211; Les Nalettes<\/h4>\n\n\n\n<figure class=\"wp-block-embed is-type-video is-provider-youtube wp-block-embed-youtube wp-embed-aspect-16-9 wp-has-aspect-ratio\"><div class=\"wp-block-embed__wrapper\">\n<iframe loading=\"lazy\" title=\"Un jour, un portrait de citoyen engag\u00e9 #11 \u2013 Chantal DONZEL | Seyssins Nature et Solidaire\" width=\"500\" height=\"281\" src=\"https:\/\/www.youtube.com\/embed\/_UeGAJBvVTA?feature=oembed\" frameborder=\"0\" allow=\"accelerometer; autoplay; clipboard-write; encrypted-media; gyroscope; picture-in-picture; web-share\" referrerpolicy=\"strict-origin-when-cross-origin\" allowfullscreen><\/iframe>\n<\/div><\/figure>\n\n\n\n<h4 class=\"wp-block-heading\">24 &#8211; Chantal Donzel<br>75 ans &#8211; Pr\u00e9 Nouvel<\/h4>\n\n\n\n<figure class=\"wp-block-embed is-type-video is-provider-youtube wp-block-embed-youtube wp-embed-aspect-16-9 wp-has-aspect-ratio\"><div class=\"wp-block-embed__wrapper\">\n<iframe loading=\"lazy\" title=\"Un jour, un portrait de citoyen engag\u00e9 #9 \u2013 Sylvie COURDAVAULT | Seyssins Nature et Solidaire\" width=\"500\" height=\"281\" src=\"https:\/\/www.youtube.com\/embed\/qblGvRkyU54?feature=oembed\" frameborder=\"0\" allow=\"accelerometer; autoplay; clipboard-write; encrypted-media; gyroscope; picture-in-picture; web-share\" referrerpolicy=\"strict-origin-when-cross-origin\" allowfullscreen><\/iframe>\n<\/div><\/figure>\n\n\n\n<h4 class=\"wp-block-heading\">26 &#8211; Sylvie Courdavault<br>53 ans &#8211; Le Centre<\/h4>\n\n\n\n<figure class=\"wp-block-embed is-type-video is-provider-youtube wp-block-embed-youtube wp-embed-aspect-16-9 wp-has-aspect-ratio\"><div class=\"wp-block-embed__wrapper\">\n<iframe loading=\"lazy\" title=\"Un jour, un portrait de citoyen engag\u00e9 #19 \u2013 Anne-Sophie ZAHM | Seyssins Nature et Solidaire\" width=\"500\" height=\"281\" src=\"https:\/\/www.youtube.com\/embed\/MHq9ENiItq4?feature=oembed\" frameborder=\"0\" allow=\"accelerometer; autoplay; clipboard-write; encrypted-media; gyroscope; picture-in-picture; web-share\" referrerpolicy=\"strict-origin-when-cross-origin\" allowfullscreen><\/iframe>\n<\/div><\/figure>\n\n\n\n<h4 class=\"wp-block-heading\">28 &#8211; Anne-Sophie Zahm<br>39 ans &#8211; La Plaine<\/h4>\n\n\n\n<figure class=\"wp-block-embed is-type-video is-provider-youtube wp-block-embed-youtube wp-embed-aspect-16-9 wp-has-aspect-ratio\"><div class=\"wp-block-embed__wrapper\">\n<iframe loading=\"lazy\" title=\"Un jour, un portrait de citoyen engag\u00e9 #23 \u2013 V\u00e9ronique PEQUIGNAT-ISS | Seyssins Nature et Solidaire\" width=\"500\" height=\"281\" src=\"https:\/\/www.youtube.com\/embed\/I-ZU6LaK5BM?feature=oembed\" frameborder=\"0\" allow=\"accelerometer; autoplay; clipboard-write; encrypted-media; gyroscope; picture-in-picture; web-share\" referrerpolicy=\"strict-origin-when-cross-origin\" allowfullscreen><\/iframe>\n<\/div><\/figure>\n\n\n\n<h4 class=\"wp-block-heading\">30 &#8211; V\u00e9ronique Pequignat-Iss<br>64 ans &#8211; Le Centre<\/h4>\n<\/div>\n<\/div>\n","protected":false},"excerpt":{"rendered":"<p>1 &#8211; Fabrice Hugel\u00e956 ans &#8211; Le Village 3 &#8211; Sylvain Cialdella54 ans &#8211; La Plaine 5 &#8211; Lo\u00efck Ferrucci29 ans &#8211; Pr\u00e9 Nouvel 7 &#8211; Jean-Marc Paucod62 ans &#8211; Le Centre 9 &#8211; Emmanuel Courraud51 ans &#8211; Pr\u00e9 Nouvel 11 &#8211; Pierre Ch\u00e9vrier62 ans &#8211; Le Village 13 &#8211; Mathieu Cianci39 ans &#8211; La [&hellip;]<\/p>\n","protected":false},"author":1,"featured_media":0,"parent":0,"menu_order":0,"comment_status":"closed","ping_status":"closed","template":"","meta":{"footnotes":""},"class_list":["post-55","page","type-page","status-publish","hentry"],"_links":{"self":[{"href":"https:\/\/fabricehugele2026.fr\/index.php\/wp-json\/wp\/v2\/pages\/55","targetHints":{"allow":["GET"]}}],"collection":[{"href":"https:\/\/fabricehugele2026.fr\/index.php\/wp-json\/wp\/v2\/pages"}],"about":[{"href":"https:\/\/fabricehugele2026.fr\/index.php\/wp-json\/wp\/v2\/types\/page"}],"author":[{"embeddable":true,"href":"https:\/\/fabricehugele2026.fr\/index.php\/wp-json\/wp\/v2\/users\/1"}],"replies":[{"embeddable":true,"href":"https:\/\/fabricehugele2026.fr\/index.php\/wp-json\/wp\/v2\/comments?post=55"}],"version-history":[{"count":20,"href":"https:\/\/fabricehugele2026.fr\/index.php\/wp-json\/wp\/v2\/pages\/55\/revisions"}],"predecessor-version":[{"id":346,"href":"https:\/\/fabricehugele2026.fr\/index.php\/wp-json\/wp\/v2\/pages\/55\/revisions\/346"}],"wp:attachment":[{"href":"https:\/\/fabricehugele2026.fr\/index.php\/wp-json\/wp\/v2\/media?parent=55"}],"curies":[{"name":"wp","href":"https:\/\/api.w.org\/{rel}","templated":true}]}}