{"id":149,"date":"2026-01-20T13:30:28","date_gmt":"2026-01-20T13:30:28","guid":{"rendered":"https:\/\/fabricehugele2026.fr\/?page_id=149"},"modified":"2026-02-02T02:23:44","modified_gmt":"2026-02-02T02:23:44","slug":"mentions-legales","status":"publish","type":"page","link":"https:\/\/fabricehugele2026.fr\/index.php\/mentions-legales\/","title":{"rendered":"Mentions l\u00e9gales"},"content":{"rendered":"\n<h2 class=\"wp-block-heading\">\u00c9diteur du site :&nbsp;<\/h2>\n\n\n\n<p><strong>Association Seyssins Nature et Solidaire<\/strong><br>Association loi 1901\u00a0<br>N\u00b0 RNA : W381028615<\/p>\n\n\n\n<p><strong>Si\u00e8ge social :<\/strong><\/p>\n\n\n\n<p>34, avenue de Claix &#8211; 38180 Seyssins<\/p>\n\n\n\n<p class=\"has-base-color has-text-color has-link-color wp-elements-52de37d83244e3fd8e9de9df9786a32d\">Adresse \u00e9lectronique : <a href=\"mailto:contact@seyssinsnatureetsolidaire.fr\" target=\"_blank\" rel=\"noreferrer noopener\">contact@seyssinsnatureetsolidaire.fr<\/a><\/p>\n\n\n\n<p><strong>Directeur de la publication<\/strong><\/p>\n\n\n\n<p>Monsieur Laurent ISS<br>Pr\u00e9sident de l\u2019association Seyssins Nature et Solidaire<\/p>\n\n\n\n<p><strong>H\u00e9bergement du site<\/strong><\/p>\n\n\n\n<p class=\"has-base-color has-text-color has-link-color wp-elements-24fe9db26a3ad8d9ef65400965be0f5c\">H\u00e9bergeur : OVH SAS<br>2, rue Kellermann<br>59100 Roubaix \u2013 France<br>T\u00e9l\u00e9phone : 1007<br>Site : <a href=\"http:\/\/www.ovh.com\" target=\"_blank\" rel=\"noreferrer noopener\">www.ovh.com<\/a><\/p>\n\n\n\n<h2 class=\"wp-block-heading has-base-color has-text-color has-link-color wp-elements-d56b994fd378db15b63082e4c835a0a7\">Propri\u00e9t\u00e9 intellectuelle du site<\/h2>\n\n\n\n<p>L\u2019ensemble des contenus pr\u00e9sents sur le site (textes, images, graphismes, logo, documents, vid\u00e9os, etc.) est la propri\u00e9t\u00e9 exclusive de l\u2019association Seyssins Nature et Solidaire, sauf mention contraire.<\/p>\n\n\n\n<p>Toute reproduction, repr\u00e9sentation, modification, publication ou adaptation, totale ou partielle, des \u00e9l\u00e9ments du site, quel que soit le moyen ou le proc\u00e9d\u00e9 utilis\u00e9, est interdite sans l\u2019autorisation \u00e9crite pr\u00e9alable de l\u2019association.<\/p>\n\n\n\n<h2 class=\"wp-block-heading\">Donn\u00e9es personnelles<\/h2>\n\n\n\n<p>L\u2019association Seyssins Nature et Solidaire est susceptible de collecter des donn\u00e9es personnelles via les formulaires pr\u00e9sents sur le site (formulaire de contact, inscription \u00e0 des \u00e9v\u00e9nements, inscription \u00e0 une liste de diffusion).<\/p>\n\n\n\n<p><strong>Finalit\u00e9s du traitement<\/strong><\/p>\n\n\n\n<p>Les donn\u00e9es collect\u00e9es sont utilis\u00e9es uniquement pour :<\/p>\n\n\n\n<p>&nbsp;\u2022 r\u00e9pondre aux demandes envoy\u00e9es via le site,<\/p>\n\n\n\n<p>&nbsp;\u2022 g\u00e9rer les inscriptions aux \u00e9v\u00e9nements,<\/p>\n\n\n\n<p>&nbsp;\u2022 assurer la communication de l\u2019association,<\/p>\n\n\n\n<p>&nbsp;\u2022 informer sur l\u2019actualit\u00e9 et les actions de l\u2019association.<\/p>\n\n\n\n<p><strong>Base l\u00e9gale<\/strong><\/p>\n\n\n\n<p>Les traitements sont fond\u00e9s sur le consentement explicite des personnes concern\u00e9es.<\/p>\n\n\n\n<p>Donn\u00e9es collect\u00e9es<\/p>\n\n\n\n<p>Les donn\u00e9es susceptibles d\u2019\u00eatre collect\u00e9es sont notamment :<\/p>\n\n\n\n<p>&nbsp;\u2022 nom, pr\u00e9nom,<\/p>\n\n\n\n<p>&nbsp;\u2022 adresse \u00e9lectronique,<\/p>\n\n\n\n<p>&nbsp;\u2022 \u00e9ventuellement num\u00e9ro de t\u00e9l\u00e9phone.<\/p>\n\n\n\n<p><strong>Dur\u00e9e de conservation<\/strong><\/p>\n\n\n\n<p>Les donn\u00e9es sont conserv\u00e9es pour une dur\u00e9e strictement n\u00e9cessaire aux finalit\u00e9s pour lesquelles elles ont \u00e9t\u00e9 collect\u00e9es, et au maximum 3 ans apr\u00e8s le dernier contact.<\/p>\n\n\n\n<p><strong>Destinataires<\/strong><\/p>\n\n\n\n<p>Les donn\u00e9es sont destin\u00e9es exclusivement aux membres habilit\u00e9s de l\u2019association Seyssins Nature et Solidaire.<\/p>\n\n\n\n<p>Elles ne sont ni vendues, ni lou\u00e9es, ni c\u00e9d\u00e9es \u00e0 des tiers.<\/p>\n\n\n\n<p><strong>Droits des personnes<\/strong><\/p>\n\n\n\n<p>Conform\u00e9ment au R\u00e8glement G\u00e9n\u00e9ral sur la Protection des Donn\u00e9es (RGPD), vous disposez des droits suivants :<\/p>\n\n\n\n<p>&nbsp;\u2022 droit d\u2019acc\u00e8s,<\/p>\n\n\n\n<p>&nbsp;\u2022 droit de rectification,<\/p>\n\n\n\n<p>&nbsp;\u2022 droit d\u2019effacement,<\/p>\n\n\n\n<p>&nbsp;\u2022 droit \u00e0 la limitation du traitement,<\/p>\n\n\n\n<p>&nbsp;\u2022 droit d\u2019opposition,<\/p>\n\n\n\n<p>&nbsp;\u2022 droit \u00e0 la portabilit\u00e9 des donn\u00e9es.<\/p>\n\n\n\n<p class=\"has-base-color has-text-color has-link-color wp-elements-64ce6485129307528eb1393fbff2a7e8\">Pour exercer ces droits, vous pouvez adresser votre demande \u00e0 : <a href=\"mailto:contact@seyssinsnatureetsolidaire.fr\" target=\"_blank\" rel=\"noreferrer noopener\">contact@seyssinsnatureetsolidaire.fr<\/a><\/p>\n\n\n\n<p class=\"has-base-color has-text-color has-link-color wp-elements-1bdb8dedda458fd90ab56a3941db3974\">Vous disposez \u00e9galement du droit d\u2019introduire une r\u00e9clamation aupr\u00e8s de la CNIL (<a href=\"http:\/\/www.cnil.fr\" target=\"_blank\" rel=\"noreferrer noopener\">www.cnil.fr<\/a>).<\/p>\n\n\n\n<h2 class=\"wp-block-heading\">COOKIES<\/h2>\n\n\n\n<p>Le site peut utiliser des cookies strictement n\u00e9cessaires \u00e0 son bon fonctionnement et, le cas \u00e9ch\u00e9ant, des cookies de mesure d\u2019audience.<\/p>\n\n\n\n<p>Lors de votre premi\u00e8re visite, un bandeau d\u2019information vous permet :<\/p>\n\n\n\n<p>&nbsp;\u2022 d\u2019accepter les cookies,<\/p>\n\n\n\n<p>&nbsp;\u2022 de les refuser,<\/p>\n\n\n\n<p>&nbsp;\u2022 ou de les param\u00e9trer.<\/p>\n\n\n\n<p>Aucun cookie non essentiel n\u2019est d\u00e9pos\u00e9 sans votre consentement.<\/p>\n","protected":false},"excerpt":{"rendered":"<p>\u00c9diteur du site :&nbsp; Association Seyssins Nature et SolidaireAssociation loi 1901\u00a0N\u00b0 RNA : W381028615 Si\u00e8ge social : 34, avenue de Claix &#8211; 38180 Seyssins Adresse \u00e9lectronique : contact@seyssinsnatureetsolidaire.fr Directeur de la publication Monsieur Laurent ISSPr\u00e9sident de l\u2019association Seyssins Nature et Solidaire H\u00e9bergement du site H\u00e9bergeur : OVH SAS2, rue Kellermann59100 Roubaix \u2013 FranceT\u00e9l\u00e9phone : 1007Site [&hellip;]<\/p>\n","protected":false},"author":1,"featured_media":0,"parent":0,"menu_order":0,"comment_status":"closed","ping_status":"closed","template":"","meta":{"footnotes":""},"class_list":["post-149","page","type-page","status-publish","hentry"],"_links":{"self":[{"href":"https:\/\/fabricehugele2026.fr\/index.php\/wp-json\/wp\/v2\/pages\/149","targetHints":{"allow":["GET"]}}],"collection":[{"href":"https:\/\/fabricehugele2026.fr\/index.php\/wp-json\/wp\/v2\/pages"}],"about":[{"href":"https:\/\/fabricehugele2026.fr\/index.php\/wp-json\/wp\/v2\/types\/page"}],"author":[{"embeddable":true,"href":"https:\/\/fabricehugele2026.fr\/index.php\/wp-json\/wp\/v2\/users\/1"}],"replies":[{"embeddable":true,"href":"https:\/\/fabricehugele2026.fr\/index.php\/wp-json\/wp\/v2\/comments?post=149"}],"version-history":[{"count":2,"href":"https:\/\/fabricehugele2026.fr\/index.php\/wp-json\/wp\/v2\/pages\/149\/revisions"}],"predecessor-version":[{"id":152,"href":"https:\/\/fabricehugele2026.fr\/index.php\/wp-json\/wp\/v2\/pages\/149\/revisions\/152"}],"wp:attachment":[{"href":"https:\/\/fabricehugele2026.fr\/index.php\/wp-json\/wp\/v2\/media?parent=149"}],"curies":[{"name":"wp","href":"https:\/\/api.w.org\/{rel}","templated":true}]}}